at are the prime factors of (1 - (m - 0)) + 113?
2, 7
Let p be (-1)/(3/(-202)) - (-22)/33. Let i = p - -51. List the prime factors of i.
7, 17
Suppose -3*a = 4*v + v + 25, 13 = -4*v - a. Let s be 5/((2/4)/((-76)/8)). What are the prime factors of (s/10)/(v/4)?
19
Let m = -35 - -36. What are the prime factors of (-3*11 - m)/(8/(-44))?
11, 17
Suppose 0 = 2*t + 4 - 12. Suppose -31 = t*o + 3*m, -o - 11 - 13 = 4*m. What are the prime factors of -2*(62/o - -2)?
3
Let l be (96/20)/((-9)/30). Let d = l - -79. List the prime factors of d.
3, 7
Let z = -1108 + 1624. Suppose 0 = 16*t - 12*t - z. List the prime factors of t.
3, 43
Let z = 794 - -471. List the prime factors of z.
5, 11, 23
Let y be 7/(-21) + (-13)/(-3). Suppose y*z + 2 = 6. Suppose -2*k + z + 17 = 0. List the prime factors of k.
3
Let y be 4 - 6 - -1*6*1. Suppose -5*p + 2*i = -459, -y*p + 3*i + 0*i = -370. List the prime factors of p.
7, 13
Let h = -465 + 935. Suppose -5*m = -10, m - h = -s - s. What are the prime factors of s?
2, 3, 13
Let y(x) = -3031*x**3 - x**2 - 5*x - 4. What are the prime factors of y(-1)?
7, 433
Let h(s) be the second derivative of -s**3/2 - 3*s**2 + 5*s. Let k be h(-3). Suppose n + 3*n = -3*x + 87, 4*x - 91 = k*n. What are the prime factors of x?
5
Let g = -203 - 120. Let l = 640 + g. What are the prime factors of l?
317
Let k(g) = g**3 + 8*g**2 + 4*g + 8. Suppose -2*i = -7*i - 5. Let x be (-17 + 10)*(-1)/i. List the prime factors of k(x).
29
Let p = 140 - -3333. List the prime factors of p.
23, 151
Suppose 2*r - 3 = -2*f + 5, -5*f + 5*r = 0. Suppose -4*w - 6 = -6*w, -f*b - 5*w + 9 = 0. Let p(l) = 2*l**2 + 5*l + 4. What are the prime factors of p(b)?
7
Suppose -10 = -3*k + 20. Suppose -34 = -f - k. Suppose -5*m - 3 + 46 = 2*d, 3*m + 3*d - f = 0. List the prime factors of m.
3
Let u = 36 - 36. Suppose u = -s + 43 - 31. List the prime factors of s.
2, 3
Let t(h) = -h**2 + 6*h + 6. Let v be t(6). Suppose 105 = -y + v*y. Suppose -2*o + y = -15. List the prime factors of o.
2, 3
Suppose 3*y = 5*b - 34, 4*b - 21 - 7 = 2*y. Let d = -16 + b. What are the prime factors of d/(-12) - 20/(-6)?
2
Let n(c) = c - 21. Let t be n(9). Let h = 276 + t. Suppose 4*m - h = -2*m. What are the prime factors of m?
2, 11
Suppose 11*w = 6*w. Suppose w*f + 5 = f. Suppose 0 = 3*n + 2*n - f*h - 145, 2*h = -n + 38. What are the prime factors of n?
2
Let w be (2*(-2 + 1))/1. Let t be -37 - w*(-3 + 4). Let v = t + 78. List the prime factors of v.
43
Let s be 240/(-100)*270/(-4). Let r = s + -89. What are the prime factors of r?
73
Suppose -64 = 2*z + 2*z. Suppose -21*t + 116 = -23*t. Let s = z - t. List the prime factors of s.
2, 3, 7
Suppose -9 = -3*f, 0 = l + f - 1178 - 1321. List the prime factors of l.
2, 3, 13
Suppose 2*x = 5*g - 3, 0 = 4*g + 5*x - 6 - 3. List the prime factors of (-2 - g)*(-1071)/27.
7, 17
Suppose -8686 = 49*c - 92*c. List the prime factors of c.
2, 101
Let g(p) = -p**3 - 14*p**2 - 26*p - 7. Let m be g(-12). Let w = m - 11. List the prime factors of w.
2, 3
Let z = 42 - 75. What are the prime factors of ((-176)/z)/(4/174)?
2, 29
Let j(z) = -z - 2. Let x be j(-1). Let o be 0*(x + 2) - -170. Suppose -p + o = 4*p. List the prime factors of p.
2, 17
Let s be (-2 - 21/2)*-2. Let b be (-1*s)/((-4)/(-4)). Let d = b - -57. What are the prime factors of d?
2
Suppose 14*l + 7910 = 4*s + 9*l, 3*s = -3*l + 5946. List the prime factors of s.
2, 3, 5, 11
Suppose 0 = 5*h - 10*h + 10. Let w(x) = 0*x**2 + 4*x**2 + 1 - 3*x**h + 6*x**2. List the prime factors of w(-2).
29
Let u be ((-52)/(-39))/(2/3). Suppose 0 = 4*l + u*r - 304, -5*l + 0*r = 5*r - 375. Let m = l - 19. What are the prime factors of m?
2, 29
Suppose 7*q + 76 = 734. List the prime factors of q.
2, 47
What are the prime factors of (-11211)/(-18) + (-8)/(-48)?
7, 89
Suppose -5*n + 4*u + 44 + 13 = 0, -55 = -5*n + 5*u. What are the prime factors of -2*(-2)/4 - (n + -37)?
5
Let h be 8/6 + 156/(-9). Let d be (h/(-2))/((-2)/(-5)). List the prime factors of 50/18 - d/(-90).
3
Let m(r) = r**3 + 6*r**2 - 3*r. Let x be (-28)/(-5) + 3/(-5). Suppose -5*k = 20 + x. What are the prime factors of m(k)?
2, 5
Let f = 354 - 229. List the prime factors of f.
5
Let i = 72 - 38. Suppose -3*w = -4 - 5. Suppose 4*g + i = w*n - 22, -2*g = 2*n - 14. What are the prime factors of n?
2, 3
Let v be (-2 - (-3 - 26)) + 4. Suppose -v = 3*f - 7. What are the prime factors of (182/56)/((-2)/f)?
13
Suppose 17*m - 40737 + 3133 = 0. What are the prime factors of m?
2, 7, 79
Let c = -2 + 12. Let s = c + -8. Suppose -s*y + 14 = -y. What are the prime factors of y?
2, 7
Let g(s) = -22*s**3 - s**2 - 3*s + 1. Let w(y) = 45*y**3 + 2*y**2 + 7*y - 2. Let d(l) = 7*g(l) + 3*w(l). List the prime factors of d(-1).
19
Let v be (-1)/(-2) - (-110)/4. Let m be (v/(-6))/((-8)/60). Suppose p - 6*p = -m. List the prime factors of p.
7
Let h = 27 - 11. Let n = h - 28. Let z = 12 - n. List the prime factors of z.
2, 3
Let f = 468 + 105. What are the prime factors of f?
3, 191
Suppose 6*m - 238 - 4982 = 0. List the prime factors of m.
2, 3, 5, 29
What are the prime factors of (-1796)/2*(169/13 + -14)?
2, 449
Suppose -3*r + 17 = b - 3*b, 4*r - 22 = 2*b. Suppose 3*p - r*d = 4, -p + d - 1 + 3 = 0. What are the prime factors of 9 - (7 + (-9)/p)?
5
Suppose 4328 = -t + 3*t - 3*q, 0 = -t - 5*q + 2138. What are the prime factors of t?
2, 13, 83
What are the prime factors of (3/(-6))/(3/(-2))*1527?
509
Let s(i) = i**2 + 37*i + 169. List the prime factors of s(-33).
37
List the prime factors of 14/(224/2712) - 2/(-4).
2, 5, 17
Let s(d) = d**3 - 3*d**2 + 3*d + 22. List the prime factors of s(8).
2, 3, 61
Let y be ((-1)/4)/((-4)/(-16)). Let k be y/(-3) - (-56)/21. Suppose k*n - n = 22. List the prime factors of n.
11
Let p(q) = -152*q + 18. List the prime factors of p(-6).
2, 3, 5, 31
Suppose -5*b = 33 - 63. Suppose -26 = -4*g + 2*z, 2 = -g + z + b. List the prime factors of g.
3
Let u be (-3 - 0)*925/(-15). Suppose -u = -2*o + 77. What are the prime factors of o?
131
Let s(h) = 2*h**3 - h**2 - h + 275. List the prime factors of s(0).
5, 11
Let t(q) = 0*q**2 + 7*q**2 + 4*q - 5*q. Let l = 21 + -23. List the prime factors of t(l).
2, 3, 5
Suppose 3*m = 2*h - 1976, 4*h + 0*m = -3*m + 3970. List the prime factors of h.
991
Let n(t) = -36*t**2. Let o be n(-1). Let c = o + 143. List the prime factors of c.
107
Let f = 35 - 32. Suppose -j + 2*g + 75 = 0, 0*g = 5*j + f*g - 323. What are the prime factors of j?
67
List the prime factors of (47 + -3 + -8)*59/3.
2, 3, 59
Let s(u) = 31*u**2. Let d be s(1). Suppose 39*o - 42*o = -243. Let q = o - d. List the prime factors of q.
2, 5
Let l be -4*1 + 2 + 2 - -2. Suppose -2*k - 4*y = -90, -4*y - 25 = k - 64. Suppose 0 = l*w - w - k. What are the prime factors of w?
3, 17
Suppose 2*l - 10 + 8 = 0. Let u be (-10)/l*14/(-35). Suppose -2*q = -u, -r + 4*r - 5*q = 32. What are the prime factors of r?
2, 7
Let m(q) = 35*q**2 + 1. Let r(o) = -o**3 - 2*o**2 + 4*o + 1. Let x be r(-3). Let j be 1/x*(-7 - -9). List the prime factors of m(j).
2, 3
Suppose 8 = 2*s - 0*s + 5*t, -3*s = 3*t - 21. List the prime factors of 2/s - (-2802)/81*3.
2, 13
What are the prime factors of (4 + -1)/((168/763)/8)?
109
Suppose -489 - 141 = -3*r. Suppose 4*t + t = r. List the prime factors of 7*4*3/t.
2
Let x(b) = 331*b**2 - 10*b + 2. Let l be x(3). Suppose l = -i + 14*i. What are the prime factors of i?
227
Let n(k) = k**3 + 17*k**2 + 30*k + 4. Let y be n(-15). What are the prime factors of -2 - -1 - -3 - (-222 + y)?
2, 5, 11
Let d be 40 - (-4)/(16/12). Suppose 2*n - n - d = c, -2*n - 2*c = -82. Let t = -13 + n. What are the prime factors of t?
29
Suppose -132 = -2*z - z. Let g = 76 - z. What are the prime factors of g?
2
Suppose 3*c - 2*y - 17 = 0, 3*c + 3*y - 17 = -5. Suppose 4*o - 2*r + 3*r - 646 = 0, c*o - 803 = r. What are the prime factors of o?
7, 23
Let c(a) = -a**3 - a**2 - a + 82. What are the prime factors of c(0)?
2, 41
Let g be 184/12 - 6/(-9). Let h be (-13 + g)*(0 - -11). Let k = -3 + h. What are the prime factors of k?
2, 3, 5
List the prime factors of 5 + 6 + -9 - 2*-393.
2, 197
Let z(l) = -l + 4. Let i be z(0). Suppose v + 0*y - 140 = i*y, 4*v + 5*y - 518 = 0. List the prime factors of v.
2, 3, 11
Let w(v) = 2*v + 3. Let i be w(0). Let p(y) = 2*y**2 - 3*y + 13. Let j be p(